{"id":158,"date":"2017-11-14T14:19:17","date_gmt":"2017-11-14T13:19:17","guid":{"rendered":"http:\/\/localhost:8888\/wordpress\/?page_id=158"},"modified":"2017-11-14T15:30:32","modified_gmt":"2017-11-14T14:30:32","slug":"drop-ton-matos","status":"publish","type":"page","link":"https:\/\/ale-rugby.fr\/?page_id=158","title":{"rendered":"Drop ton matos"},"content":{"rendered":"<div id=\"dslc-theme-content\"><div id=\"dslc-theme-content-inner\"><p><span style=\"font-family: Arial; font-size: small;\">L&rsquo;Op\u00e9ration \u00ab\u00a0Drop&rsquo; ton Matos\u00a0\u00bb consistera, sur la base du volontariat, \u00e0 collecter des \u00e9quipements sportifs en<a href=\"http:\/\/www.ale-rugby.fr\/drop-ton-matos\/Fiche-equipement.png?attredirects=0\"><img loading=\"lazy\" decoding=\"async\" class=\"alignright\" src=\"http:\/\/www.ale-rugby.fr\/_\/rsrc\/1385508143763\/drop-ton-matos\/Fiche-equipement.png?height=320&amp;width=226\" width=\"226\" height=\"320\" border=\"0\" \/><\/a> bon \u00e9tat gr\u00e2ce \u00e0 l\u2019implication des clubs , puis \u00e0 les redistribuer aupr\u00e8s de f\u00e9d\u00e9rations de rugby de pays \u00e9mergents.<\/p>\n<p><\/span><\/p>\n<div><\/div>\n<p><span style=\"font-family: Arial; font-size: small;\">Le responsable \u00e0 Echirolles est Alexis Gandrille, joignable au\u00a0<\/span><br \/>\n06 44 23 69 47 ou\u00a0alexis.gandrille@yahoo.fr.\u00a0<b>La premi\u00e8re r\u00e9colte se fera lors du repas de no\u00ebl du club, le 20 d\u00e9cembre.<\/b><\/p>\n<\/div><\/div>","protected":false},"excerpt":{"rendered":"<p>L&rsquo;Op\u00e9ration \u00ab\u00a0Drop&rsquo; ton Matos\u00a0\u00bb consistera, sur la base du volontariat, \u00e0 collecter des \u00e9quipements sportifs en bon \u00e9tat gr\u00e2ce \u00e0 [&hellip;]<\/p>\n","protected":false},"author":1,"featured_media":0,"parent":0,"menu_order":0,"comment_status":"closed","ping_status":"closed","template":"","meta":{"sfsi_plus_gutenberg_text_before_share":"","sfsi_plus_gutenberg_show_text_before_share":"","sfsi_plus_gutenberg_icon_type":"","sfsi_plus_gutenberg_icon_alignemt":"","sfsi_plus_gutenburg_max_per_row":"","_exactmetrics_skip_tracking":false,"_exactmetrics_sitenote_active":false,"_exactmetrics_sitenote_note":"","_exactmetrics_sitenote_category":0,"site-sidebar-layout":"default","site-content-layout":"","ast-site-content-layout":"","site-content-style":"default","site-sidebar-style":"default","ast-global-header-display":"","ast-banner-title-visibility":"","ast-main-header-display":"","ast-hfb-above-header-display":"","ast-hfb-below-header-display":"","ast-hfb-mobile-header-display":"","site-post-title":"","ast-breadcrumbs-content":"","ast-featured-img":"","footer-sml-layout":"","theme-transparent-header-meta":"","adv-header-id-meta":"","stick-header-meta":"","header-above-stick-meta":"","header-main-stick-meta":"","header-below-stick-meta":"","astra-migrate-meta-layouts":"default","ast-page-background-enabled":"default","ast-page-background-meta":{"desktop":{"background-color":"var(--ast-global-color-4)","background-image":"","background-repeat":"repeat","background-position":"center center","background-size":"auto","background-attachment":"scroll","background-type":"","background-media":"","overlay-type":"","overlay-color":"","overlay-opacity":"","overlay-gradient":""},"tablet":{"background-color":"","background-image":"","background-repeat":"repeat","background-position":"center center","background-size":"auto","background-attachment":"scroll","background-type":"","background-media":"","overlay-type":"","overlay-color":"","overlay-opacity":"","overlay-gradient":""},"mobile":{"background-color":"","background-image":"","background-repeat":"repeat","background-position":"center center","background-size":"auto","background-attachment":"scroll","background-type":"","background-media":"","overlay-type":"","overlay-color":"","overlay-opacity":"","overlay-gradient":""}},"ast-content-background-meta":{"desktop":{"background-color":"var(--ast-global-color-5)","background-image":"","background-repeat":"repeat","background-position":"center center","background-size":"auto","background-attachment":"scroll","background-type":"","background-media":"","overlay-type":"","overlay-color":"","overlay-opacity":"","overlay-gradient":""},"tablet":{"background-color":"var(--ast-global-color-5)","background-image":"","background-repeat":"repeat","background-position":"center center","background-size":"auto","background-attachment":"scroll","background-type":"","background-media":"","overlay-type":"","overlay-color":"","overlay-opacity":"","overlay-gradient":""},"mobile":{"background-color":"var(--ast-global-color-5)","background-image":"","background-repeat":"repeat","background-position":"center center","background-size":"auto","background-attachment":"scroll","background-type":"","background-media":"","overlay-type":"","overlay-color":"","overlay-opacity":"","overlay-gradient":""}},"footnotes":""},"_links":{"self":[{"href":"https:\/\/ale-rugby.fr\/index.php?rest_route=\/wp\/v2\/pages\/158"}],"collection":[{"href":"https:\/\/ale-rugby.fr\/index.php?rest_route=\/wp\/v2\/pages"}],"about":[{"href":"https:\/\/ale-rugby.fr\/index.php?rest_route=\/wp\/v2\/types\/page"}],"author":[{"embeddable":true,"href":"https:\/\/ale-rugby.fr\/index.php?rest_route=\/wp\/v2\/users\/1"}],"replies":[{"embeddable":true,"href":"https:\/\/ale-rugby.fr\/index.php?rest_route=%2Fwp%2Fv2%2Fcomments&post=158"}],"version-history":[{"count":2,"href":"https:\/\/ale-rugby.fr\/index.php?rest_route=\/wp\/v2\/pages\/158\/revisions"}],"predecessor-version":[{"id":172,"href":"https:\/\/ale-rugby.fr\/index.php?rest_route=\/wp\/v2\/pages\/158\/revisions\/172"}],"wp:attachment":[{"href":"https:\/\/ale-rugby.fr\/index.php?rest_route=%2Fwp%2Fv2%2Fmedia&parent=158"}],"curies":[{"name":"wp","href":"https:\/\/api.w.org\/{rel}","templated":true}]}}